+ 5*l**2 - 5*l**2. Let s be n(7). Give p(s).
-5
Let v = 25 + -18. Let b(o) = 2*o - 10. What is b(v)?
4
Suppose -2*b + 7 = -1. Let n(g) = g**2 - 3. Let l be n(b). Let o = -10 + l. Let x(y) = y - 4. Give x(o).
-1
Let s(z) = z**2 + 8*z + 1. Let r = 16 - 23. Determine s(r).
-6
Let j(b) = -2*b**2 + 6*b - 3. Let z(i) = 2*i**2 - 2*i + 1. Let k be z(1). Let a(s) = -s**2 + s + 1. Let y(q) = k*j(q) - a(q). Determine y(4).
0
Let p(n) = -2*n - 31. Let a be (-165)/(-25) + 3/(-5). Let w(k) = -k - 16. Let q(s) = a*p(s) - 11*w(s). Calculate q(-6).
-4
Let x(c) = c**3 - 4*c**2 + 5*c - 3. Let h(k) = k + 6. Let a be h(-3). Calculate x(a).
3
Suppose 9 - 1 = 4*y. Suppose -3*w + y*w + 5 = 0. Let n(c) = c**2 - 7*c. Calculate n(w).
-10
Let o(h) be the third derivative of -1/2*h**3 + 0 + 1/12*h**4 + 0*h - h**2. Let u be (-2)/(-1 + (-1)/(-3)). Give o(u).
3
Let t(p) = p**3 + 5*p**2 - 5*p - 2. Suppose 5*u = -4*z, 2*u = 5*u + 3*z. Suppose -j + 0*d - 6 = -3*d, u = -2*j - 2*d - 12. Determine t(j).
-8
Let u(q) = -5*q**3 - 4*q**2 + 9*q + 1. Let j(o) = o**3 - o + 1. Let v(y) = -4*j(y) - u(y). What is v(-5)?
-5
Let g be (-3 - -2) + 3 + (-15)/3. Let q(h) be the second derivative of -h**5/20 - h**4/4 - h**3/3 + 3*h**2/2 + h. Determine q(g).
9
Let c(f) be the first derivative of -f**3/3 - 3*f**2 - 3*f + 23. Determine c(-3).
6
Let x(k) = -k**2 + k. Let o(h) = h**3 - h**2 - 4*h - 1. Let c(d) = -o(d) - x(d). Let j = 7 - 4. Calculate c(j).
1
Let z(v) = -15*v**2 + 5 - 3 - v - 1 + 14*v**2. Let n(b) = b + 2. Let a be n(-4). Determine z(a).
-1
Let y(i) = i**3 + 6*i**2 - 3*i - 4. Suppose 0 = -5*s + 5*m - 10, -s + 14 = -6*s + 4*m. Determine y(s).
14
Let q(b) = b. Suppose 3*n = 4*n + 5. Let p(k) = -k + 1. Let d(h) = n*p(h) - 6*q(h). What is d(-6)?
1
Let t(f) be the second derivative of -f**3/6 + f**2/2 - 6*f. Give t(3).
-2
Let y = -56 - -53. Let x(g) = 2*g**2 + 2*g - 4. What is x(y)?
8
Let i be (-4 - -3)*-2*(-14)/4. Let w(z) = 2*z + 6. Determine w(i).
-8
Let i(y) be the third derivative of -3*y**2 + 0 + 1/24*y**4 + 1/6*y**3 + 0*y. What is i(1)?
2
Let o(z) be the first derivative of -z**4/4 + z**3/3 - 7*z + 8. Calculate o(0).
-7
Let h(u) = u**2 - 6*u + 5. Let a(c) = -c + 5. Let x be a(6). Let f = 11 - x. Suppose 0 = -2*g + 5*g - f. Determine h(g).
-3
Let i = -1 - 0. Let q be i*(3/(-1) - -2). Let f(m) = -2. Let r(j) = j - 1. Let y(d) = 2*f(d) - 3*r(d). What is y(q)?
-4
Let k(p) = 5*p + 4. Let s be ((-6)/(-4))/((-6)/16). Let o(c) be the first derivative of 7*c**2 + 11*c + 7. Let v(n) = s*o(n) + 11*k(n). Give v(-5).
5
Let r(y) = -y**2 - 8*y - 1. Suppose s + 4*s + 30 = 0. Calculate r(s).
11
Suppose 0*y = -3*y + 5*b + 35, 0 = -3*y - 5*b - 5. Let r(l) = -l**2 + 4*l + 6. Let c be r(y). Let u = 1 + c. Let w(t) = t + 1. Calculate w(u).
3
Let b be (-14)/21 + (-16)/3. Let g(c) = -c**2 - 4*c + 5. Let p(n) = -n + 1. Let s(q) = b*p(q) + g(q). Calculate s(1).
0
Let x(g) = 2*g**2 + 7*g - 3*g**2 + 104 - 4*g - 97. Suppose 2*f + f = -2*u + 15, 5*u = -3*f + 15. Give x(f).
-3
Let c(l) = -6*l**2 - 5 + 5 + 0 - 1. Determine c(-1).
-7
Let p be ((-45)/(-18))/((-1)/(-2)). Suppose i - 3*l = -p, l - 20 = 4*i - 0*l. Let w(m) = m + 4. What is w(i)?
-1
Let z(u) be the second derivative of -2*u + 0 + u**2 - 1/6*u**3. Let r(x) = 2*x + 7. Let n be r(-6). Determine z(n).
7
Let u(i) = -i**3 + 4*i**2. Let m(v) = v + 6. Let j be m(-6). Let o = 2 + j. Give u(o).
8
Let k(i) = 4*i - 2. Let f(v) = 5*v**2 + 5*v + 4. Let t be f(-1). Determine k(t).
14
Let x(l) = 2*l + 2. Let u = 34 - 18. Let v = u + -19. Determine x(v).
-4
Let k(y) = 5*y**3 - y + 2. Let v(l) = 9*l**3 + 5 - 3*l + 0*l**2 - 5*l**2 + l**3 + 4*l**2. Let w(u) = -5*k(u) + 2*v(u). Calculate w(-1).
4
Let w be (2/6)/(2/54). Suppose -3*r + w - 3 = 0. Suppose 0 = 3*k + r*k + 25. Let m(o) = o**3 + 4*o**2 - 3*o + 3. Calculate m(k).
-7
Let n(o) = -o**3 - 3*o**2 - 4*o - 2. Let h be n(-2). Let f be (20/3 - h)*3. Let w = f - 10. Let y(c) = c**3 - 3*c**2 - 5*c - 3. Calculate y(w).
-7
Let a(c) = -2*c**2 - 13*c - 13. Let o be a(-1). Let p(i) = 3*i + 2. Give p(o).
-4
Let h(p) = -p - 10. Let f be h(-8). Let m be -2 - (f - 2 - -1). Let x(w) = 12*w - 1. Give x(m).
11
Let h(t) = -t**3 - 5*t**2 - 2*t - 4. Suppose 4*z + 1 = -f, 5*f + 2*z + 49 = 4*z. Let i = f + 4. Calculate h(i).
6
Let g be (0 - 1)*(-1 + -1). Suppose 0 = 6*j - 2*j - 8. Let m(c) = -c**3 - c + c**j + 0 + 0*c**2 - 1 + 4*c**2. Give m(g).
9
Let h(q) be the third derivative of -q**5/60 + q**4/3 - 2*q**3/3 - 20*q**2. Give h(7).
3
Let o(z) be the third derivative of z**7/840 + z**6/72 - z**5/20 + z**3 + 6*z**2. Let n(h) be the first derivative of o(h). Give n(-6).
0
Let r(k) = -k**3 - 4*k**2 - 3*k + 2. Let l be r(-3). Let t = -17 + 25. Let v(d) = -4*d + d**2 - 2*d**l + t*d. Calculate v(3).
3
Let k(j) = j**3 - j + 0*j**2 - 3*j + 2*j**2 - 2. Suppose -3*m + 4 = -2*m. Suppose -m*b = g - 9, 18 = -2*g + 4*b - 0*b. Calculate k(g).
1
Let j(f) = f**2 - 5. Let w be j(0). Let v(i) be the second derivative of -i**4/12 - 2*i**3/3 + i**2/2 + i. Let c(z) be the first derivative of v(z). Give c(w).
6
Let i(q) = -q**3 - 5*q**2 - 4*q + 1. Let m be (-1 - 2)/3 + -2. What is i(m)?
-5
Let z be (4/10)/((-2)/10). Let a(i) = 6*i. Suppose -c + 5*m = 5 - 2, 2*c + 6 = -m. Let s(n) = 17*n. Let p(b) = c*s(b) + 8*a(b). Determine p(z).
6
Let l(p) be the third derivative of -p**4/12 - p**3 - p**2. Suppose 1 = 3*x + 4*i, x = -4*i - 8 + 19. Determine l(x).
4
Suppose -13*l = -9*l. Suppose -2*b + 4*y = -l*b, 5*y = 2*b + 2. Let w(r) = 0 - r - 3 + 7. What is w(b)?
0
Let d(p) = -5*p - 1 + 4 + 7*p - 4*p. Let o(s) = -7*s**3 - s**2 - 2*s - 1. Let z be o(-1). Let k(w) = 3*w - 6. Let g(l) = z*d(l) + 3*k(l). Give g(2).
-7
Let j(l) = -l + 5. Let x(v) = v**3 + 7*v**2 + 5*v - 4. Let b be x(-6). Suppose n + 4*g - 3*g = 2, b*n + 4*g = 0. Calculate j(n).
1
Let b(o) = 2*o**3 + 3*o**2 - 1. Let w be -1*0*(-1)/(-3). Suppose 5*c + 3*x - 6*x = 2, -3*x - 12 = w. What is b(c)?
-5
Let s(w) be the third derivative of w**5/60 - 7*w**4/24 - 2*w**3/3 - 25*w**2. Determine s(6).
-10
Let l = -2 - -6. Let f(j) = -1 + 5 - j + 0 + l*j. Suppose 5*x = -16 - 9. Give f(x).
-11
Let z = -5 - -2. Suppose 0 = 2*p + 3*p - 10. Let i(q) = 6*q - q + 3*q**p + q**2 + 4 + q**3 - q. Determine i(z).
1
Let m(s) be the first derivative of -s**4/2 + s**2/2 - 2*s - 39. Calculate m(2).
-16
Suppose 0 = b + 4*b + 30. Let u(v) = -v**2 - 4*v. What is u(b)?
-12
Let l(b) = 11*b - 1. Suppose 4*q = 5*q + 1. Give l(q).
-12
Suppose 6*z - 2*z = 0. Suppose i + 3*p + 7 = 8*p, z = 2*i + 4*p. Let y(h) = h**3 + h**2 + h. What is y(i)?
-6
Suppose 3*i - 5*s + 33 = 0, -10*s = 4*i - 5*s + 9. Let j(w) = w + 1. Calculate j(i).
-5
Let o(p) = 2*p - p - 1 + 0. Let w(f) be the first derivative of -f**4/4 + 7*f**3/3 - 4*f**2 + 9*f - 3. Let m be w(6). What is o(m)?
-4
Suppose l = -l + 18. Let k = -5 + l. Let c(t) = 2*t - 1. What is c(k)?
7
Let i(u) = -u**2 + 8*u - 6. Let f be (-37)/(-6) + (-1)/6. Give i(f).
6
Let i(h) = h**2 - 6*h + 1. Suppose v = 1 + 7. Give i(v).
17
Let m(u) = u**2 - 8*u + 5. Let b be m(8). Let c(x) = -2*x**3 - 2*x**2 - 1 - 2 + b*x**2 + x**3. Calculate c(3).
-3
Let r(i) = -i**2 + 5*i + 3. Suppose -10 = -3*k + k. Suppose -k*g - 7 = -2*l, -4*l - 16 + 44 = 4*g. Calculate r(l).
-3
Let l(b) be the third derivative of -b**6/120 - 5*b**2. Calculate l(0).
0
Let y be (2 - (-60)/(-27))*-9. Suppose 0 = -u - u + 52. Let f(d) = -d**3 + 0*d + u*d**y - 27*d**2 + d. Determine f(0).
0
Suppose 0 = 4*z - 3*m - 53, 2 = 2*m - 0*m. Let w(q) = 6*q**2 + 13*q - 2 + 1 - z*q. Give w(-1).
6
Let h(p) be the second derivative of p**6/360 + p**5/120 - 5*p**4/24 + p**3/6 + 2*p. Let c(b) be the second derivative of h(b). Give c(0).
-5
Suppose 0 = -3*j + 4*j - 3. Let a(n) = -2*n. Determine a(j).
-6
Let v = 123 - 117. Let g(f) = f**3 - 6*f**2 + f - 3. Calculate g(v).
3
Let a(m) = m**3 - 6*m**2 + 8*m - 4. Let i be (30 + -31)/(-1 - 4/(-5)). Determine a(i).
11
Let z(u) = u + 2. Suppose 3*c + 2*c + 15 = 0. Calculate z(c).
-1
Let m(a) = -a + 16. Let t be m(11). Let r(s) = s**3 - 6*s**2 + 8*s - 4. Give r(t).
11
Let l(s) = s + 4. Suppose -2*w + 0 - 2 = 2*b, 0 = 5*b - 2*w + 19. Let d(m) = m - 3. Let u be d(b). Calculate l(u).
-2
Let n(x) = -4*x**2 + 2*x - 1. Let t(k) = -k**3 + 15*k**2 + 1. Let q be t(15). Calculate n(q).
-3
Let l be (60/(-40))/((-1)/2). Let y(o) = o**3 - 4*o**